 4*o. What is the remainder when a is divided by c(r)?
0
Let y = -11 - -2. Let l = y + 5. What is the remainder when 34 is divided by (l/6)/((-1)/27)?
16
Let d be -2 + -2 + (2 - 5). Let u = 6 - d. Let k(q) = 6*q - 4. What is the remainder when k(7) is divided by u?
12
Calculate the remainder when (-620)/8*(-12 + 10) is divided by 6.
5
Suppose -v = 11 + 10. Let n = v + 24. Suppose 0 = k - 0 - n. Calculate the remainder when 10 is divided by k.
1
Suppose r - 83 = 18. Calculate the remainder when r is divided by 38.
25
Suppose -12 = -3*a + 3, 4*b - 4*a - 252 = 0. Calculate the remainder when b is divided by 12.
8
Let u = -566 - -617. What is the remainder when 86 is divided by u?
35
Let j = -6 + 13. Let m(f) = -f**2 + 2*f - 8. Let w(h) = h**2 - 2*h + 9. Let u(n) = -7*m(n) - 6*w(n). Calculate the remainder when j is divided by u(3).
2
Suppose 79 = x - 2*c, -4 - 169 = -2*x + c. Let n(q) = -q**3 - 17*q**2 - 16*q + 18. Calculate the remainder when x is divided by n(-16).
17
What is the remainder when 82 is divided by 48/36*1/((-4)/(-24))?
2
Let i(d) = -d**3 - 16*d**2 - 15*d + 1. Suppose -r + 4*s - 23 = 0, 0 = -5*s + 10. Suppose -j - 3 = -2*j. Calculate the remainder when j is divided by i(r).
0
Calculate the remainder when 156/(-104)*(-340)/6 is divided by 31.
23
Let h = 236 - 222. Calculate the remainder when 1/(-5) + 1206/30 is divided by h.
12
Let s = 29 + 8. Suppose 4*k + 12 = 0, -4*a - 3*k + 6*k + 121 = 0. Let j = a + -15. Calculate the remainder when s is divided by j.
11
Let k = -10 - -61. Let q(y) = 104*y - 2379. Calculate the remainder when k is divided by q(23).
12
Calculate the remainder when (-8)/(-100) + 12138/150 is divided by 7.
4
Let a = 10 - 7. Suppose -k - 33 = -2*u, -4*k - a - 3 = u. Calculate the remainder when 81 is divided by u.
11
Suppose 0 = -25*b + 20*b + 50. Let p(m) = m**3 - 2*m**2 - 2*m - 1. Let g be p(-1). Let a = g - -5. What is the remainder when b is divided by a?
1
Let p = 14 + -7. Let n = 16 - p. Suppose -2*k + 13 = -53. What is the remainder when k is divided by n?
6
Suppose -493*d = -497*d + 228. Calculate the remainder when 90 is divided by d.
33
Calculate the remainder when 2/18*-3 - 1442/(-42) is divided by 14.
6
Let j(u) = 10*u + 13 - u**3 + 13*u**2 + 13 - u**2 + 3*u. Suppose -10 = -x - 2*k + 9, 3*k = 15. What is the remainder when j(13) is divided by x?
8
Let y(l) = -28*l + 36 - 5 + 8*l - l**2 + 0. What is the remainder when 30 is divided by y(-21)?
0
Let s(f) be the second derivative of f**3/6 + 7*f**2 + 18*f. Calculate the remainder when 36 is divided by s(5).
17
Let u(i) = -12*i - 2. Calculate the remainder when 2 - -390*7/14 is divided by u(-2).
21
Suppose 0*j - 50 = -2*j. Suppose 15 = 5*x - j. Suppose -x = 5*l - 48. What is the remainder when 15 is divided by l?
7
Let i(o) = -3*o. Let p be i(-1). Suppose -6*v = -p*v - 39. What is the remainder when 48 is divided by v?
9
Let s(f) = f + 8. Let b be s(-8). Let a(k) = k + 53. Suppose 5*t - 51 = 19. Calculate the remainder when a(b) is divided by t.
11
Suppose 2*d + 2*w + 2*w - 60 = 0, 5*w = 0. Calculate the remainder when 1/((5/(-85))/(-7*1)) is divided by d.
29
Let h = 15 + -12. Let u(y) = -4*y - y + h*y + 12. What is the remainder when 34 is divided by u(0)?
10
Suppose -356 = -2*x + 64. Suppose x + 80 = 5*d. What is the remainder when d is divided by 10?
8
Let t be (-5)/10 - (-2)/(-4). Let o(s) = 346*s + 2. Let n be o(t). Let f = -245 - n. Calculate the remainder when f is divided by 25.
24
Calculate the remainder when (-120)/(-3)*(130/(-25))/(-13) is divided by 9.
7
Suppose 47*g = 2558 + 262. What is the remainder when g is divided by 21?
18
Let a(g) = g**3 - 8*g**2 - 3*g - 5. Let r be a(8). Suppose 2*p + 36 = 52. What is the remainder when 1 + (-2 - r/1) is divided by p?
4
What is the remainder when (-50)/10 - (-261 - -2) is divided by 17?
16
Let s be (-18)/(-5) - (-2)/5. Suppose -s*w + 141 = -w. What is the remainder when w is divided by 16?
15
Let p(o) = -o**2 + 16*o - 20. What is the remainder when 49 is divided by p(13)?
11
Suppose 672 = 6*o + 22*o. Calculate the remainder when 71 is divided by o.
23
Let i(p) = 582*p - 449. What is the remainder when i(4) is divided by 40?
39
Let z(g) = -24*g + 17 - 19*g - 17*g + 53*g. Calculate the remainder when 155 is divided by z(-5).
51
Suppose -r - 5*l + 27 = -25, -3*r = -l - 188. Calculate the remainder when 246 is divided by r.
60
Let y = 9715 - 9708. What is the remainder when 1/2 - 63/(-2) is divided by y?
4
Suppose -16 - 19 = -5*j. Suppose 9*z - 27 = 6*z. Suppose -z = 5*l - 29. Calculate the remainder when j is divided by l.
3
Let b = -96 + 29. Suppose 5*n + 20 = -50. Let h = n - b. What is the remainder when h is divided by 8?
5
Calculate the remainder when 77 is divided by -3*(-40)/(-24)*-4.
17
Suppose -13 = l - 2*a + 5*a, -4*a = -l + 22. Suppose 0 = o + 4*q + 31, -q = -o - 6*q - 31. Let c = o - -32. What is the remainder when l is divided by c?
0
Suppose 0 = -5*o + 14*o - 351. Calculate the remainder when o is divided by 8.
7
Suppose -2*n = -4*n - 4. Let y be -38 - -3*n/6. What is the remainder when -2 - -2 - 0 - y is divided by 10?
9
Suppose 10*q - 425 = -15*q. Calculate the remainder when 152 is divided by q.
16
Suppose 53 = -g - z + 6*z, -z - 5 = 0. Let u = g - -145. Suppose -3*w - 1 + u = 0. What is the remainder when 43 is divided by w?
21
Let c = -17 + 12. Let w(z) = -z**3 - 4*z**2 + 5*z. Let f be w(c). Suppose f = p - 6 - 14. Calculate the remainder when 77 is divided by p.
17
Let n = 750 + -412. What is the remainder when n is divided by 111?
5
Suppose 20*m = 18*m + 138. Calculate the remainder when 125 is divided by m.
56
Let f = -71 - -76. Calculate the remainder when 19 is divided by f.
4
Let h be 1 + -7*(-59)/(-1). Calculate the remainder when h/(-10) + 5/(-25) is divided by (-12)/66 - (-233)/11.
20
Suppose -5*x - 2*t = 51 - 17, -4 = 2*x + 4*t. Let z = x + 15. What is the remainder when 25 is divided by z?
4
Suppose 58*d - 445 = 56*d + p, 0 = -2*d - 3*p + 449. Calculate the remainder when d is divided by 54.
7
Let s(f) = f**2 + f - 22. Let l be s(0). Let c = l - -47. Calculate the remainder when c is divided by 13.
12
Let z(b) = 18*b**2 + b - 2. What is the remainder when z(-2) is divided by (1*2)/((-11)/(-495)*9)?
8
What is the remainder when 0 + (123 - 11/(44/(-8))) is divided by 61?
3
Let r = 1812 - 1769. What is the remainder when 472 is divided by r?
42
Suppose 3*q - 4*q = -141. Let t(f) = -87*f + 993. What is the remainder when q is divided by t(11)?
33
Let v(d) = -d**3 - 13*d**2 + 14*d + 1. Let t be v(-14). Calculate the remainder when 31 is divided by -8*(-1 + 0)*t.
7
Let a(y) = -y + 10. Let c be a(6). What is the remainder when 44 is divided by 2 + (18 - 1 - c)?
14
Suppose 0 = 2*h - 17 - 73. What is the remainder when h is divided by 16?
13
Let q = -20 - -26. Suppose -q*j - 4 = -4*j. Calculate the remainder when j/((-3)/(156/8)) is divided by 4.
1
Let d(v) = -3*v**2 + 13*v + 60. Let f(i) = 2*i**2 - 14*i - 60. Let g(k) = 3*d(k) + 4*f(k). Calculate the remainder when 41 is divided by g(-6).
5
Let n = -7 + 12. Suppose -4*t + 2*k + 320 = 0, 0*k = -n*t - 3*k + 411. What is the remainder when t is divided by 17?
13
Let i(c) = c**3 - 15*c**2 + c - 13. Let x be i(15). Let s be 0*(-2 + 3/x). Suppose s*n - 2*n = -74. Calculate the remainder when n is divided by 8.
5
Let f be (4/10)/((-9)/(-1125)). Suppose -4*x + f = -14. Calculate the remainder when 45 is divided by x.
13
Let u be 15*(-1 + (-15)/(-25)). Let b = 44 + u. Suppose -c + 0 - 3 = 0, -24 = -3*j - 2*c. Calculate the remainder when b is divided by j.
8
Let u = 4 + -1. Suppose -28*x + 24*x + 16 = 0. Suppose -3*z - x*f = -7*z + 64, u*f + 76 = 5*z. What is the remainder when 55 is divided by z?
13
Let a(r) = 6*r**2 + 2*r + 6. Let z be a(-3). Let f = z - -88. What is the remainder when f is divided by 36?
34
Suppose -5*u + 700 = -0*u. What is the remainder when u is divided by 37?
29
Let b be -200*-3*(-10)/(-75). Suppose 89 = 4*i + p - 192, i - b = 3*p. What is the remainder when i is divided by 24?
23
Let a(k) = k**2 + 10*k + 7. Let y be a(-9). What is the remainder when 11/(1 + y/4) is divided by 13?
9
Suppose 18*c + 16*c - 2074 = 0. What is the remainder when 237 is divided by c?
54
Let l(p) = 5*p**2 + 19*p + 47. What is the remaind